ided by 4?
3
Suppose -3*z = 2*n - 3*n + 2, -5*n + 4*z + 43 = 0. Calculate the remainder when n is divided by 2/(4/3 + -1).
5
Let o(b) = b**3 + 6*b**2 + 3*b - 8. Let n be o(-4). Suppose n*h - 70 = 7*h. Calculate the remainder when 53 is divided by h.
11
Let g(b) = -3*b**3 - 1. Let z be g(1). Calculate the remainder when ((-82)/z)/((-2)/(-4)) is divided by 8 + 15/10*2.
8
Suppose 3*n = 3*a + 27, -4*n = -0*n + 5*a + 9. What is the remainder when n is divided by 4?
0
Let i = -44 + 70. Calculate the remainder when i is divided by 9.
8
What is the remainder when (24/(-8))/((-3)/41) is divided by 11?
8
Let d = 27 + -25. What is the remainder when 2 is divided by d?
0
Let c(b) = b**2 + 5*b + 12. Let j be c(-9). Suppose 2*d - j = -2*d. Calculate the remainder when 34 is divided by d.
10
Let h(w) = 2*w - 6. Let r be h(5). Let m(f) = -f**3 + 4*f**2 + 3*f - 6. Let a = 3 + 0. What is the remainder when m(r) is divided by a?
0
Let j = -18 - -26. Suppose 0 = -5*m + 102 + 3. What is the remainder when m is divided by j?
5
Suppose 2*l + g - 26 = 0, -3*l + 41 - 2 = -4*g. Calculate the remainder when 76 is divided by l.
11
Suppose 5*q + 5*q - 180 = 0. Calculate the remainder when 104 is divided by q.
14
Suppose 4*o = -5*u + o + 155, -o = 4*u - 124. Calculate the remainder when 121 is divided by u.
28
Suppose 1947 = 15*w + 18*w. What is the remainder when w is divided by (-2 + 13/(-1))*-1?
14
Let q(d) = -d**3 + 2. Let y be (-2 - -5) + (-4 - -1). What is the remainder when 4 is divided by q(y)?
0
Suppose 0 = -4*u - 5*r + 11, -r = 3*u + r - 17. Calculate the remainder when u is divided by 3.
0
Suppose 0 = -b + 2. Suppose -12*k + 5 = -7*k. What is the remainder when 27 is divided by k/(b + 57/(-30))?
7
Let v(i) = -i**2 + 13*i - 2. Calculate the remainder when 55 is divided by v(10).
27
Let z = -69 - -40. Let d = 75 + z. Let r = 67 - d. What is the remainder when 61 is divided by r?
19
Let m(g) = -5*g**2 - 3*g - 4. Let l(s) = -2*s - 4*s**2 + 4*s**2 - 4*s**2 - 3. Let x(n) = -6*l(n) + 4*m(n). What is the remainder when x(2) is divided by 7?
4
Calculate the remainder when 43 is divided by (-5)/(-25) + (-49)/(-5).
3
Suppose 0 = -5*s - 10 - 10, -16 = -4*p + s. Suppose 13 = 4*q - p*q. Calculate the remainder when 51 is divided by q.
12
Let s(m) = 4*m - 8. Suppose 35 = 2*p - 5*y, 0 = -4*y - 1 - 11. Calculate the remainder when 127 is divided by s(p).
31
Suppose -3*u - 5*k + 359 = u, -451 = -5*u - 4*k. What is the remainder when u is divided by 25?
16
Let u(b) = 2*b - 2. Suppose -5*t + 0*t - i + 28 = 0, 3*t = 3*i + 24. Suppose 18 - 2 = y + n, -y + 28 = -3*n. Calculate the remainder when y is divided by u(t).
9
Suppose 3*m + m = 0. Suppose -5*t - 18 - 55 = -2*l, m = t + 3. What is the remainder when l is divided by 10?
9
Suppose 2*b = -3*b + 130. Let z = 63 + -99. Calculate the remainder when b is divided by (-4)/8*z/2.
8
Suppose 330 = 3*j + 2*j. Let i = j - 31. What is the remainder when i is divided by 176/10 + 2/5?
17
Suppose 320 = 3*r - 232. Suppose 3*b + 68 = 14. Calculate the remainder when 6/(-27) - r/b is divided by 4.
2
Let l(g) = -g**2 - 7*g + 2. Let r be l(-7). Suppose r*w = 4*f - 60, 4*w + 1 = -7. What is the remainder when 27 is divided by f?
13
Let q(l) = -l**2 + 3*l. Let h be q(3). Let y = 0 - h. Suppose -6*p + p + 184 = -3*i, 2*i - 4 = y. Calculate the remainder when p is divided by 13.
12
Let u be 84/22 - (-4)/22. Let s(a) = -a**3 + 3*a**2 + 5*a + 1. What is the remainder when 14/(2/(6/3)) is divided by s(u)?
4
Let b be (-2 - -4)/(-2)*-39. Suppose -7 - b = -g. What is the remainder when g is divided by 16?
14
Let i be ((-4)/3)/(2/(-30)). Calculate the remainder when 25 is divided by (-2)/(i/(-9) + 2).
7
Suppose -5*i + 2*a - a = -18, -2*a = -2*i + 12. Suppose 0 = i*t + 2*t + r - 42, t = -4*r + 16. What is the remainder when 1/(-2) - (-90)/4 is divided by t?
6
Suppose -n + 61 = 5*j, j - 5*n - 43 = -3*j. Let p(i) = -i - 2. Let l be p(-2). Suppose -q + j = -l*q. Calculate the remainder when 22 is divided by q.
10
What is the remainder when 107 is divided by -2*(23/(-1) + 5)?
35
Let l(i) = 19*i - 26. What is the remainder when l(9) is divided by 37?
34
Let x = 13 - 7. Suppose -2*a - 56 = -x*a + 4*m, 0 = 4*a - 3*m - 54. What is the remainder when (46/(-3))/(12/(-18)) is divided by a?
11
What is the remainder when 350 is divided by 1*-3*384/(-36)?
30
Let j(v) = -3*v - 1. Suppose -33 = -4*r + 39. What is the remainder when r is divided by j(-2)?
3
Let s(r) = 4*r + 2. Suppose 44 + 32 = 4*a. Calculate the remainder when a is divided by s(2).
9
Let f be 3/(12/(-10))*-2. Suppose 0 = -f*y + 14 + 16. Suppose 3*i = -0 + 12. Calculate the remainder when y is divided by i.
2
Let b = 30 - 21. Let u(v) = -8*v - 46. Let n(q) = 3*q + 15. Let d(h) = -11*n(h) - 4*u(h). Calculate the remainder when b is divided by d(14).
4
Let m(q) = q + 5. Suppose 0 = v - 4*z + 6, 3*v - 3*z + 18 = -2*z. Calculate the remainder when (-2)/(-3) + (-122)/v is divided by m(6).
10
Let g be (-13)/(-4) - (-2)/(-8). Suppose 32 - 5 = g*w. Calculate the remainder when 15 is divided by w.
6
Let r = 5 - -18. What is the remainder when 91 is divided by r?
22
Suppose -12*c = -9*c - 60. Suppose -2*y = -0*y - 5*k + 11, 5*y + 5*k - 60 = 0. Calculate the remainder when c is divided by y.
6
Let b(r) = r**2 - 4. Let i(o) = -o**3 + 15*o**2 - 14*o - 5. Let a be i(14). What is the remainder when (-124 + 0)*(-3)/6 is divided by b(a)?
20
Let t = 76 + -32. Suppose w - t = -0*w. Calculate the remainder when w is divided by 23.
21
Suppose 2*l - 87 = -l. Calculate the remainder when l is divided by 10.
9
Let h(d) = d + 6. Let m = 1 + -3. Let k(z) = -1. Let r(j) = m*h(j) - 6*k(j). What is the remainder when 11 is divided by r(-6)?
5
Suppose 0*y = 5*y - 10. Calculate the remainder when (-6)/1*(-1)/3 is divided by y.
0
Let a be (-6)/((-9)/3) + -9. Let s = -4 - a. Suppose s*q - 100 = -2*q. What is the remainder when q is divided by 7?
6
Suppose 2*l + 32 = 4*c, 8 = 4*c - 3*l - 20. Suppose -d - 4*d = -c. Let h = -2 + 3. Calculate the remainder when d is divided by h.
0
Let g(w) = 2*w + 3. Let m = -4 + 9. Suppose u = -u - 3*i - m, -5*u + 4*i + 45 = 0. Calculate the remainder when 38 is divided by g(u).
12
Suppose -i = -0*i - 5. Suppose -i*a - 146 = -26. Let k = 40 + a. Calculate the remainder when 46 is divided by k.
14
Let l(c) = 2*c**2 + 5*c - 1. Let d(z) = -z**3 - z**2 + 5*z + 3. What is the remainder when l(-4) is divided by d(-3)?
5
Let p = 53 + -40. What is the remainder when p is divided by 7?
6
Let p(r) = 7*r**2 - 2*r - 6. What is the remainder when p(-3) is divided by 13?
11
Suppose 2*b = 3*b - 5*h - 4, -4*h - 80 = -4*b. Calculate the remainder when b is divided by 9.
6
Let q(r) = r + 2. Let j be q(-2). Suppose j*n - 3*n + 21 = 0. Calculate the remainder when 20 is divided by n.
6
Suppose -5*i - 2*s = -3*s - 64, 5*i - 62 = 3*s. What is the remainder when 24 is divided by i?
11
Calculate the remainder when (0 + (4 - 0))/(-1) + 113 is divided by 29.
22
Suppose 0 = -z + 2*s + 15, 4*z - 10 = -3*s + 28. Calculate the remainder when ((-16)/(-5))/(1/10) is divided by z.
10
Suppose -4*p - 42 = -130. Let t = -16 + 28. Let u = 24 - t. What is the remainder when p is divided by u?
10
Let o = 66 + -15. Let f = o + -35. Calculate the remainder when 31 is divided by f.
15
Calculate the remainder when -3*-2*(-22)/(-4) is divided by 12.
9
Suppose 4*t + 20 = k, 4*k + t = -3*t + 40. Let i(q) = q**2 + q + 23. Let m = 7 + -7. What is the remainder when i(m) is divided by k?
11
Suppose 0 = 5*o - 14 - 11. Calculate the remainder when 19 is divided by o.
4
Suppose 2*p = -p + 36. Let i = 182 + -90. Suppose 0 = 4*b - 2*n - i, -2*b - 4*n + 46 = -n. Calculate the remainder when b is divided by p.
11
Let r = 6 + -1. Let z = r + 6. What is the remainder when z is divided by 4?
3
Suppose 31 = 8*b - 7*b. Suppose 0 = -3*n + c + 33, 0 = 2*c + 3*c. Calculate the remainder when b is divided by n.
9
Let o = 148 - 73. Suppose -x = 2*x - o. Calculate the remainder when x is divided by 7.
4
Calculate the remainder when (-28)/(-70) + (-326)/(-10) is divided by 18.
15
Suppose 5*c + 7 = 17. Suppose -5 = -c*s + 15. Calculate the remainder when s is divided by 6.
4
Let r(q) = -q**2 + 9*q - 4. Let h be r(4). Suppose -5*t = w + 1 - h, -t = 1. Let m(o) = o**2 - 6*o - 